1 + 2113012202?
2113012131
In base 12, what is -31b9 + -3a?
-3237
In base 4, what is 1 + 2323131?
2323132
In base 6, what is -15 + -4120?
-4135
In base 3, what is 1 - -1000121210?
1000121211
In base 3, what is -120211022221 - -10?
-120211022211
In base 6, what is -353 - -12422?
12025
In base 8, what is -12 - -14420?
14406
In base 14, what is -116 - -1c9?
b3
In base 4, what is 122012213 + 3?
122012222
In base 6, what is 1301 + 1042?
2343
In base 4, what is -11233 - -2110?
-3123
In base 2, what is -11 + 1111110010101?
1111110010010
In base 15, what is -463a9 + 2?
-463a7
In base 5, what is -2133 + 22142?
20004
In base 15, what is 0 - -6588d?
6588d
In base 12, what is -4 + -22b53?
-22b57
In base 12, what is -3b + -37798?
-37817
In base 7, what is -366255 + -41?
-366326
In base 2, what is 101101101011011 + 1100?
101101101100111
In base 8, what is -17 + 1277?
1260
In base 8, what is -5 - -1012?
1005
In base 13, what is c589 + 5?
c591
In base 6, what is 2050 - -1152?
3242
In base 8, what is 1711 - 0?
1711
In base 9, what is 32 + -23810?
-23767
In base 16, what is 8 - 106af?
-106a7
In base 5, what is 1104 - -423111?
424220
In base 15, what is -2 - 1c49?
-1c4b
In base 6, what is 250 + -100530?
-100240
In base 14, what is -5a7a - 6b?
-5b07
In base 13, what is -3 - -32b070?
32b06a
In base 7, what is -540356 + -16?
-540405
In base 16, what is -5 + -117c9?
-117ce
In base 13, what is 15 - -124?
139
In base 14, what is -251308 + 4?
-251304
In base 12, what is -829189 - 5?
-829192
In base 11, what is -628 - -16?
-612
In base 16, what is -12 - -1b1?
19f
In base 16, what is 18793 - -5?
18798
In base 9, what is 5 + 121281?
121286
In base 7, what is -56 - -1161?
1102
In base 7, what is -102 + 1054?
652
In base 13, what is 10 + -ca75?
-ca65
In base 4, what is -33231113 - -10?
-33231103
In base 3, what is -10 + 22111022000?
22111021220
In base 14, what is c965 + -1a?
c949
In base 13, what is 4 + 6a23?
6a27
In base 11, what is 79535 + 56?
79590
In base 14, what is 241 - 46?
1d9
In base 15, what is 301 - -111?
412
In base 10, what is 50285 - 0?
50285
In base 2, what is 1 + 100100110111?
100100111000
In base 10, what is -92074 - 5?
-92079
In base 13, what is -5c50a - 12?
-5c51c
In base 13, what is 2a2 + 149?
41b
In base 9, what is 836307 - -1?
836308
In base 8, what is 35151 + 3?
35154
In base 12, what is 9a51 - 20?
9a31
In base 2, what is -110111011100 + 10011?
-110111001001
In base 11, what is -1 - -12863?
12862
In base 7, what is 1553 - 351?
1202
In base 5, what is -114343104 + -10?
-114343114
In base 6, what is -1302512 - 1?
-1302513
In base 7, what is 31 - -203545?
203606
In base 10, what is -2076 - -197?
-1879
In base 13, what is -28 + -701?
-729
In base 6, what is 1505142 - 11?
1505131
In base 9, what is 2 + -33874?
-33872
In base 11, what is -81 - 127?
-1a8
In base 13, what is 30392 - -5?
30397
In base 7, what is 62 - 400?
-305
In base 12, what is -102a9 + 3a?
-1026b
In base 5, what is 104440301 + -10?
104440241
In base 2, what is -100100010000100 - 1?
-100100010000101
In base 3, what is -22220 + -220120?
-1020110
In base 6, what is 3025 + -123?
2502
In base 7, what is 12012450 + -10?
12012440
In base 3, what is 11 + -1202201210?
-1202201122
In base 7, what is -121 - 3312?
-3433
In base 15, what is -dd372 + -4?
-dd376
In base 9, what is 26 - 524886?
-524860
In base 12, what is -1977a + -5?
-19783
In base 10, what is -5 - -245272?
245267
In base 13, what is 40 + 3aa8?
3b18
In base 11, what is 30aa - 436?
2774
In base 10, what is -190542 + -7?
-190549
In base 7, what is -3 - 424611?
-424614
In base 13, what is b64 + 52?
bb6
In base 10, what is 0 - 9720?
-9720
In base 10, what is -4887 - 3?
-4890
In base 12, what is 166 - 3b57?
-39b1
In base 13, what is -1a90 + 13?
-1a7a
In base 13, what is 1941a94 - 1?
1941a93
In base 15, what is 2b5d - -1?
2b5e
In base 11, what is 65 + -332?
-278
In base 10, what is 10466 + 2?
10468
In base 11, what is 508 - -616?
1023
In base 14, what is -22753d + -4?
-227543
In base 16, what is -5 + -623dc?
-623e1
In base 10, what is -683 + -1157?
-1840
In base 8, what is 15127504 - 4?
15127500
In base 13, what is 2 - -30940?
30942
In base 2, what is -1001001011110001 - -1?
-1001001011110000
In base 8, what is 175776 + 0?
175776
In base 14, what is -ad + 35ad?
3500
In base 14, what is -1ca + -31a?
-506
In base 12, what is 2 - 6605b?
-66059
In base 10, what is -5 + 14999?
14994
In base 3, what is -2110122120 + -1?
-2110122121
In base 12, what is 99b5 - -7?
9a00
In base 4, what is -2210102122 + 11?
-2210102111
In base 9, what is 154064 + -2?
154062
In base 8, what is 2 + 105456?
105460
In base 13, what is -3 - 4a341?
-4a344
In base 11, what is 7a + 250?
31a
In base 4, what is -102 - 1331201?
-1331303
In base 14, what is acd8 + -1b?
acbb
In base 10, what is 6056 - -11?
6067
In base 15, what is e6a + -1dd?
c7c
In base 11, what is -288 - -259a?
2312
In base 8, what is -2 - -1266?
1264
In base 3, what is 12210101200011 + 11?
12210101200022
In base 14, what is 2926 + -10?
2916
In base 9, what is -360 + 114?
-245
In base 12, what is 55 + -1985?
-1930
In base 14, what is 14a + -135c?
-1212
In base 7, what is -135 + 14215?
14050
In base 16, what is 1 - d7c3?
-d7c2
In base 16, what is -11 - -fc2?
fb1
In base 14, what is -5 - 143ab?
-143b2
In base 3, what is -11101020111201 - 12?
-11101020111220
In base 16, what is -34183 - -8?
-3417b
In base 12, what is -3 + 10170?
10169
In base 6, what is 505114 + 2?
505120
In base 16, what is -22e2 - -15?
-22cd
In base 6, what is 14102 + -2512?
11150
In base 11, what is 1975 - -8aa?
2774
In base 10, what is 8804 - 428?
8376
In base 13, what is 17513 + -7?
17509
In base 11, what is 3 - -a68937?
a6893a
In base 8, what is -60622 + 3?
-60617
In base 15, what is 3556 - -39?
3590
In base 8, what is 3116 + 24?
3142
In base 15, what is -3835 - 2?
-3837
In base 5, what is 201 + -42443?
-42242
In base 10, what is 64 + -325?
-261
In base 7, what is -3161 + -122?
-3313
In base 10, what is 2 + -7744?
-7742
In base 8, what is 4 + 55636?
55642
In base 14, what is 4 + -74db?
-74d7
In base 3, what is -20201200011 - 11?
-20201200022
In base 6, what is -5410 + 30?
-5340
In base 14, what is 3cd + 2d?
41c
In base 16, what is -f9ec + -b?
-f9f7
In base 4, what is 20 - -11122020?
11122100
In base 4, what is 1332 + 10?
2002
In base 4, what is -13 + -30301332?
-30302011
In base 16, what is 73 - 430?
-3bd
In base 11, what is 4 + 612?
616
In base 12, what is 6 - -148512?
148518
In base 5, what is -2 + 14440?
14433
In base 3, what is -200122 + 2210?
-120212
In base 12, what is -1 + -26053?
-26054
In base 6, what is -23335341 + 1?
-23335340
In base 4, what is -200000 - -21?
-133313
In base 10, what is 9865 - -16?
9881
In base 2, what is -10011000001110100 - 100?
-10011000001111000
In base 16, what is -2 - -cba?
cb8
In base 9, what is -17 + 1054145?
1054127
In base 6, what is -201501 - -4?
-201453
In base 11, what is -139 - -82a2?
8164
In base 7, what is -15 - -14116?
14101
In base 9, what is 4 + 2577?
2582
In base 16, what is 2336a - -28?
23392
In base 9, what is 780 + 241?
1131
In base 14, what is -21c3 + 18?
-21a9
In base 12, what is -48a7b - -1a?
-48a61
In base 6, what is -50 - 2400?
-2450
In base 16, what is 605a + -35?
6025
In base 16, what is 8b - 11d?
-92
In base 2, what is -11000 - -110101111100?
110101100100
In base 12, what is a0b + 97?
aa6
In base 5, what is -2 + -4330001?
-4330003
In base 13, what is -96 + -31?
-c7
In base 7, what is -60300401 - 2?
-60300403
In base 3, what is -10 + -100001212020?
-100001212100
In base 15, what is 6e1 + 1?
6e2
In base 15, what is -7110 + -5?
-7115
In base 7, what is -11 + -421566?
-421610
In base 7, what is -451222 + -3?
-451225
In base 14, what is -5a32d0 + 5?
-5a32c9
In base 14, what is -3c8b1 + 2?
-3c8ad
In base 2, what is -101111111100111 - 110000?
-110000000010111
In base 7, what is -54010 + -5?
-54015
In base 14, what is d - 44d?
-440
In base 7, what is -13365516 - 2?
-13365521
In base 13, what is -127ca - 9?
-12806
In base 9, what is 8677 - 4?
8673
In base 16, what is 115 - 68?
ad
In base 14, what is 7 + 48954?
4895b
In base 9, what is 15 - -40600?
40615
In base 9, what is -6806 - 10?
-6816
In base 15, what is 8a1e - -1c?
8a3b
In base 14, what is -25 + 46d5?
46b0
In base 12, what is 7235 - 